n 1094 is divided by 363?
5
Calculate the remainder when 6141 is divided by 12.
9
Calculate the remainder when 623 is divided by 12.
11
What is the remainder when 53 is divided by 16?
5
What is the remainder when 3209 is divided by 11?
8
Calculate the remainder when 571 is divided by 145.
136
Calculate the remainder when 126 is divided by 32.
30
Calculate the remainder when 240 is divided by 63.
51
Calculate the remainder when 177 is divided by 95.
82
What is the remainder when 146 is divided by 49?
48
Calculate the remainder when 20162 is divided by 142.
140
Calculate the remainder when 409 is divided by 104.
97
Calculate the remainder when 194 is divided by 14.
12
Calculate the remainder when 240 is divided by 9.
6
What is the remainder when 107 is divided by 32?
11
What is the remainder when 647 is divided by 644?
3
What is the remainder when 13436 is divided by 42?
38
Calculate the remainder when 110 is divided by 33.
11
Calculate the remainder when 224 is divided by 43.
9
What is the remainder when 187 is divided by 21?
19
What is the remainder when 340 is divided by 25?
15
Calculate the remainder when 3043 is divided by 35.
33
What is the remainder when 56 is divided by 17?
5
Calculate the remainder when 4152 is divided by 2066.
20
What is the remainder when 2399 is divided by 10?
9
Calculate the remainder when 1409 is divided by 694.
21
Calculate the remainder when 4082 is divided by 9.
5
Calculate the remainder when 1209 is divided by 284.
73
What is the remainder when 430 is divided by 210?
10
Calculate the remainder when 6655 is divided by 52.
51
Calculate the remainder when 2727 is divided by 44.
43
What is the remainder when 4809 is divided by 83?
78
What is the remainder when 26589 is divided by 131?
127
What is the remainder when 633 is divided by 89?
10
Calculate the remainder when 6121 is divided by 39.
37
What is the remainder when 2752 is divided by 28?
8
Calculate the remainder when 292 is divided by 141.
10
Calculate the remainder when 104 is divided by 53.
51
Calculate the remainder when 402 is divided by 107.
81
Calculate the remainder when 946 is divided by 24.
10
What is the remainder when 4512 is divided by 129?
126
What is the remainder when 222 is divided by 71?
9
Calculate the remainder when 59 is divided by 12.
11
What is the remainder when 744 is divided by 368?
8
What is the remainder when 16589 is divided by 122?
119
What is the remainder when 2112 is divided by 46?
42
What is the remainder when 221 is divided by 59?
44
What is the remainder when 69 is divided by 64?
5
What is the remainder when 309 is divided by 26?
23
What is the remainder when 244 is divided by 157?
87
What is the remainder when 734 is divided by 46?
44
Calculate the remainder when 595 is divided by 55.
45
What is the remainder when 66 is divided by 23?
20
Calculate the remainder when 117 is divided by 84.
33
Calculate the remainder when 1755 is divided by 36.
27
Calculate the remainder when 259 is divided by 90.
79
What is the remainder when 859 is divided by 242?
133
Calculate the remainder when 1405 is divided by 67.
65
What is the remainder when 394 is divided by 103?
85
What is the remainder when 54 is divided by 27?
0
What is the remainder when 710 is divided by 51?
47
What is the remainder when 154 is divided by 41?
31
Calculate the remainder when 23 is divided by 4.
3
What is the remainder when 284 is divided by 144?
140
Calculate the remainder when 528 is divided by 59.
56
Calculate the remainder when 1990 is divided by 11.
10
Calculate the remainder when 982 is divided by 91.
72
Calculate the remainder when 70 is divided by 42.
28
Calculate the remainder when 481 is divided by 11.
8
What is the remainder when 1036 is divided by 330?
46
What is the remainder when 430 is divided by 12?
10
What is the remainder when 227 is divided by 210?
17
What is the remainder when 1731 is divided by 30?
21
What is the remainder when 246 is divided by 31?
29
What is the remainder when 1330 is divided by 24?
10
What is the remainder when 499 is divided by 42?
37
Calculate the remainder when 584 is divided by 565.
19
Calculate the remainder when 511 is divided by 86.
81
What is the remainder when 4000 is divided by 138?
136
What is the remainder when 19502 is divided by 23?
21
What is the remainder when 197 is divided by 40?
37
What is the remainder when 336 is divided by 27?
12
Calculate the remainder when 2966 is divided by 93.
83
Calculate the remainder when 754 is divided by 45.
34
Calculate the remainder when 341 is divided by 23.
19
Calculate the remainder when 1404 is divided by 88.
84
Calculate the remainder when 143 is divided by 51.
41
What is the remainder when 669 is divided by 109?
15
Calculate the remainder when 615 is divided by 208.
199
What is the remainder when 12158 is divided by 32?
30
What is the remainder when 46 is divided by 10?
6
Calculate the remainder when 3929 is divided by 56.
9
What is the remainder when 7673 is divided by 101?
98
Calculate the remainder when 119 is divided by 2.
1
Calculate the remainder when 8641 is divided by 576.
1
Calculate the remainder when 165 is divided by 42.
39
Calculate the remainder when 2754 is divided by 914.
12
What is the remainder when 293 is divided by 14?
13
Calculate the remainder when 154 is divided by 74.
6
Calculate the remainder when 3532 is divided by 6.
4
What is the remainder when 120 is divided by 46?
28
What is the remainder when 955 is divided by 89?
65
Calculate the remainder when 649 is divided by 131.
125
Calculate the remainder when 1768 is divided by 9.
4
What is the remainder when 610 is divided by 53?
27
What is the remainder when 19 is divided by 11?
8
What is the remainder when 370 is divided by 63?
55
Calculate the remainder when 55 is divided by 21.
13
Calculate the remainder when 55 is divided by 11.
0
Calculate the remainder when 238 is divided by 81.
76
Calculate the remainder when 63 is divided by 51.
12
What is the remainder when 1182 is divided by 132?
126
What is the remainder when 1184 is divided by 402?
380
Calculate the remainder when 1033 is divided by 14.
11
Calculate the remainder when 186 is divided by 29.
12
Calculate the remainder when 447 is divided by 110.
7
Calculate the remainder when 3002 is divided by 42.
20
Calculate the remainder when 75 is divided by 21.
12
What is the remainder when 2913 is divided by 43?
32
Calculate the remainder when 140 is divided by 24.
20
Calculate the remainder when 357 is divided by 12.
9
What is the remainder when 364 is divided by 62?
54
What is the remainder when 921 is divided by 14?
11
What is the remainder when 199 is divided by 193?
6
Calculate the remainder when 1674 is divided by 3.
0
What is the remainder when 9 is divided by 2?
1
Calculate the remainder when 552 is divided by 33.
24
What is the remainder when 1769 is divided by 7?
5
What is the remainder when 843 is divided by 828?
15
What is the remainder when 55 is divided by 36?
19
What is the remainder when 25 is divided by 16?
9
Calculate the remainder when 2632 is divided by 290.
22
What is the remainder when 81 is divided by 41?
40
What is the remainder when 194 is divided by 20?
14
Calculate the remainder when 5098 is divided by 10.
8
Calculate the remainder when 139 is divided by 75.
64
What is the remainder when 130 is divided by 62?
6
What is the remainder when 30779 is divided by 57?
56
What is the remainder when 373 is divided by 29?
25
Calculate the remainder when 1213 is divided by 21.
16
What is the remainder when 115 is divided by 70?
45
What is the remainder when 26 is divided by 16?
10
What is the remainder when 2860 is divided by 285?
10
Calculate the remainder when 502 is divided by 42.
40
Calculate the remainder when 2099 is divided by 113.
65
What is the remainder when 3207 is divided by 19?
15
What is the remainder when 9 is divided by 2?
1
Calculate the remainder when 855 is divided by 218.
201
What is the remainder when 20 is divided by 13?
7
What is the remainder when 386 is divided by 43?
42
What is the remainder when 39461 is divided by 19?
17
What is the remainder when 105 is divided by 10?
5
What is the remainder when 4391 is divided by 546?
23
What is the remainder when 530 is divided by 239?
52
Calculate the remaind